{"id":6916,"date":"2022-05-16T11:05:27","date_gmt":"2022-05-16T09:05:27","guid":{"rendered":"https:\/\/turboair.com\/spain\/?page_id=6916"},"modified":"2022-05-30T15:07:49","modified_gmt":"2022-05-30T13:07:49","slug":"politica-de-privacidad","status":"publish","type":"page","link":"https:\/\/turboair.com\/spain\/politica-de-privacidad\/","title":{"rendered":"Pol\u00edtica de privacidad"},"content":{"rendered":"<table width=\"100%\">\n<tbody>\n<tr>\n<td width=\"45%\"><strong>\u00a0<\/strong><\/p>\n<p><strong>\u00a0<\/strong><\/p>\n<p><strong>TITULAR DEL TRATAMIENTO<\/strong><\/td>\n<td width=\"43%\"><strong>Elica S.p.A.<\/strong><\/p>\n<p>Calle Ermanno Casoli, n.2, 60044 Fabriano (AN)<\/p>\n<p>direcci\u00f3n pec: <a href=\"mailto:elicaspa@sicurezzapostale.it\">elicaspa@sicurezzapostale.it<\/a><\/p>\n<p>Tel\u00e9fono: +39-07326101<\/p>\n<p>(\u201c<strong>Sociedad<\/strong>\u201d o \u201c<strong>Titular<\/strong>\u201d)<\/td>\n<\/tr>\n<tr>\n<td width=\"45%\"><strong>\u00a0<\/strong><\/p>\n<p><strong>RESPONSABLE DE LA PROTECCI\u00d3N DE DATOS (DPO)<\/strong><\/td>\n<td width=\"43%\">&nbsp;<\/p>\n<p>El DPO se puede contactar a la siguiente direcci\u00f3n<strong>: <\/strong><a href=\"mailto:dpo@elica.com\">dpo@elica.com<\/a><\/td>\n<\/tr>\n<\/tbody>\n<\/table>\n<p>&nbsp;<\/p>\n<p>Elica S.p.A., en calidad del Titular del tratamiento seg\u00fan el art. 13 del Reglamento 2016\/679 (&#8220;GDPR&#8221;), le proporciona la informaci\u00f3n relativa al tratamiento de los datos personales (en adelante, los &#8220;Datos&#8221;) recopilados como resultado de la navegaci\u00f3n en este sitio web (en adelante, el &#8220;Sitio&#8221;).<\/p>\n<p>&nbsp;<\/p>\n<table width=\"642\">\n<tbody>\n<tr>\n<td width=\"642\"><strong>DATOS TRATADOS, FINALIDAD Y BASE JUR\u00cdDICA<\/strong><\/td>\n<\/tr>\n<tr>\n<td width=\"642\"><strong>1.\u00a0\u00a0\u00a0\u00a0\u00a0\u00a0 <\/strong>Datos tratados con fines de funcionamiento del Sitio<\/p>\n<p>Los sistemas inform\u00e1ticos y los procedimientos inform\u00e1ticos encargados del funcionamiento del Sitio adquieren, en el curso de su funcionamiento normal, algunos datos de navegaci\u00f3n cuya transmisi\u00f3n est\u00e1 impl\u00edcita en el uso de los protocolos de comunicaci\u00f3n de Internet. Se trata de informaciones que no son recogidas para ser asociadas a interesados identificados, pero que, por su propia naturaleza, pueden, a trav\u00e9s de elaboraciones y asociaciones con Datos en poder de la Sociedad o de terceros, permitir identificar a los usuarios del Sitio.<\/p>\n<p>Esta categor\u00eda de Datos incluye las direcciones IP o los nombres de dominio de los ordenadores utilizados por los usuarios que se conectan al Sitio, las direcciones en notaci\u00f3n URI (Uniform Resource Identifier) de los recursos solicitados, la hora de la solicitud, el m\u00e9todo utilizado para enviar la solicitud al servidor, el tama\u00f1o del archivo obtenido en respuesta, el c\u00f3digo num\u00e9rico que indica el estado de la respuesta dada por el servidor (buen fin, error, etc.) y otros par\u00e1metros relacionados con el sistema operativo y el entorno inform\u00e1tico del usuario.<\/p>\n<p>Los datos de navegaci\u00f3n pueden ser tratados para:<\/p>\n<p>\u00b7\u00a0\u00a0\u00a0\u00a0\u00a0\u00a0\u00a0 para permitir y supervisar el correcto funcionamiento del Sitio, as\u00ed como para llevar a cabo actividades de mantenimiento;<\/p>\n<p>\u00b7\u00a0\u00a0\u00a0\u00a0\u00a0\u00a0\u00a0 para obtener informaci\u00f3n estad\u00edstica an\u00f3nima sobre el uso del Sitio<\/p>\n<p>\u00b7\u00a0\u00a0\u00a0\u00a0\u00a0\u00a0\u00a0 para determinar las posibles responsabilidades en caso de posibles delitos inform\u00e1ticos contra el Sitio y, por lo tanto, ejercer y\/o defender los derechos de la Empresa ante los tribunales.<\/p>\n<p>De conformidad con el art. 122, co. 1 del D.Lgs. 196\/2003 (&#8220;<strong>C\u00f3digo de Privacidad<\/strong>&#8220;), el tratamiento de la informaci\u00f3n mencionada no requiere el consentimiento de los usuarios. Para estos fines, la base jur\u00eddica del procesamiento es el inter\u00e9s leg\u00edtimo del Controlador de datos, de acuerdo con el art. 6, p\u00e1rr.1, letra f), del RGPD.<\/p>\n<p><strong>2.\u00a0\u00a0\u00a0\u00a0\u00a0 <\/strong><strong>Cookie<\/strong><\/p>\n<p>El Sitio utiliza cookies para garantizar su correcto funcionamiento y mejorar la experiencia de uso del mismo. Para obtener m\u00e1s informaci\u00f3n sobre el uso de cookies, consulte la informaci\u00f3n completa haciendo clic aqu\u00ed.<\/p>\n<p><strong>3.\u00a0\u00a0\u00a0\u00a0\u00a0 <\/strong><strong>Enlaces externos al Sitio<\/strong><\/p>\n<p>El Sitio puede utilizar enlaces a otras p\u00e1ginas web, relativas a Elica, para las cuales se remite a las informaciones espec\u00edficas proporcionadas en el momento de la recopilaci\u00f3n.<\/td>\n<\/tr>\n<\/tbody>\n<\/table>\n<p>&nbsp;<\/p>\n<table width=\"642\">\n<tbody>\n<tr>\n<td width=\"642\"><strong>SUMINISTRO DE DATOS<\/strong><\/td>\n<\/tr>\n<tr>\n<td width=\"642\">A excepci\u00f3n de los datos de navegaci\u00f3n, necesarios para poner en marcha los protocolos inform\u00e1ticos y telem\u00e1ticos, el suministro de los Datos por parte de los usuarios es libre y opcional. Sin embargo, la falta de otorgamiento de los mismos resultar\u00e1 en la imposibilidad de poder proceder con las solicitudes enviadas o que el usuario desee reenviar.<\/td>\n<\/tr>\n<\/tbody>\n<\/table>\n<p>&nbsp;<\/p>\n<table width=\"642\">\n<tbody>\n<tr>\n<td width=\"642\"><strong>DESTINATARIOS DE LOS DATOS<\/strong><\/td>\n<\/tr>\n<tr>\n<td width=\"642\">Los Datos podr\u00e1n ser comunicados a titulares aut\u00f3nomos del tratamiento y tratados por sujetos designados por la Sociedad como responsables del tratamiento que proporcionen al Titular prestaciones o servicios instrumentales a la finalidad indicada en la presente nota informativa, como ejemplo: la empresa encargada del mantenimiento\/gesti\u00f3n del sitio web de la Sociedad y de los instrumentos electr\u00f3nicos y\/o telem\u00e1ticos utilizados por la misma.<\/td>\n<\/tr>\n<\/tbody>\n<\/table>\n<p>&nbsp;<\/p>\n<table width=\"642\">\n<tbody>\n<tr>\n<td width=\"642\"><strong>PERSONAS AUTORIZADAS PARA EL TRATAMIENTO<\/strong><\/td>\n<\/tr>\n<tr>\n<td width=\"642\">Los Datos podr\u00e1n ser tratados por los empleados de la Sociedad que hayan sido expresamente autorizados para el tratamiento y que hayan recibido por parte de la Sociedad instrucciones operativas adecuadas.<\/td>\n<\/tr>\n<\/tbody>\n<\/table>\n<p>&nbsp;<\/p>\n<table width=\"641\">\n<tbody>\n<tr>\n<td width=\"641\"><strong>TRANSFERENCIA DE DATOS PERSONALES A PA\u00cdSES NO PERTENECIENTES A LA UNI\u00d3N EUROPEA<\/strong><\/td>\n<\/tr>\n<tr>\n<td width=\"641\">Los Datos no ser\u00e1n objeto de transferencia a terceros pa\u00edses y\/u organizaciones internacionales establecidas fuera de la Uni\u00f3n Europea.<\/td>\n<\/tr>\n<\/tbody>\n<\/table>\n<p>&nbsp;<\/p>\n<table width=\"643\">\n<tbody>\n<tr>\n<td width=\"643\"><strong>DERECHOS DEL INTERESADO &#8211; RECLAMACI\u00d3N ANTE LA AUTORIDAD DE CONTROL<\/strong><\/td>\n<\/tr>\n<tr>\n<td width=\"643\">Para el ejercicio de sus derechos, el interesado puede dirigirse al Titular enviando una comunicaci\u00f3n escrita a la direcci\u00f3n indicada anteriormente o escribiendo a la direcci\u00f3n de correo electr\u00f3nico: <a href=\"mailto:privacy@elica.com\">privacy@elica.com<\/a>.<\/p>\n<p>El interesado podr\u00e1 ejercer contra el Titular los derechos reconocidos por los arts. 15-22 del RGPD y en particular puede solicitar el acceso a los Datos que le conciernen, su eliminaci\u00f3n, la rectificaci\u00f3n de los Datos inexactos, la integraci\u00f3n de los Datos incompletos, la limitaci\u00f3n del tratamiento en los casos previstos por el art. 18 GDPR<a href=\"#_ftn1\" name=\"_ftnref1\">[1]<\/a>, , si corresponde.<\/p>\n<p>Cuando el interesado desee ejercer sus derechos, la Empresa podr\u00e1 solicitarle que se identifique antes de tramitar su solicitud.<\/td>\n<\/tr>\n<tr>\n<td width=\"643\">El interesado tiene derecho a oponerse en todo momento, de manera f\u00e1cil y gratuita, por motivos relacionados con la situaci\u00f3n particular, al tratamiento de los Datos en caso de leg\u00edtimo inter\u00e9s del Titular.<\/td>\n<\/tr>\n<tr>\n<td width=\"643\">or \u00faltimo, el interesado tiene derecho a presentar una reclamaci\u00f3n ante la autoridad de control competente del Estado miembro en el que reside o trabaja habitualmente o del Estado en el que se ha producido la presunta infracci\u00f3n.<\/td>\n<\/tr>\n<\/tbody>\n<\/table>\n<p>&nbsp;<\/p>\n<p><a href=\"#_ftnref1\" name=\"_ftn1\">[1]<\/a> De conformidad con el art. 18 del GDPR, el interesado tiene derecho a obtener por parte del titular del tratamiento la limitaci\u00f3n del tratamiento<\/p>\n<p>cuando se d\u00e9n alguna de las situaciones siguientes:<\/p>\n<ol>\n<li>a) el interesado impugna la exactitud de los datos personales durante el per\u00edodo necesario para que el responsable del tratamiento verifique la exactitud de dichos datos personales;<\/li>\n<li>b) el tratamiento es il\u00edcito y el interesado se opone a la supresi\u00f3n de los datos personales y solicita, en cambio, que se limite su utilizaci\u00f3n;<\/li>\n<li>c) aunque el responsable del tratamiento ya no lo necesite para los fines del tratamiento, los datos personales son necesarios para que el interesado pueda determinar, ejercer o defender un derecho ante los tribunales;<\/li>\n<li>d) el interesado se ha opuesto al tratamiento con arreglo al art\u00edculo 21, apartado 1, a la espera de que se verifique si los motivos leg\u00edtimos del responsable del tratamiento prevalecen sobre los del interesado.<\/li>\n<li>Cuando el tratamiento se limite de conformidad con el apartado 1, dichos datos personales se tratar\u00e1n, salvo para su conservaci\u00f3n, con el consentimiento del interesado o para su investigaci\u00f3n, el ejercicio o la defensa de un derecho ante los tribunales o para proteger los derechos de otra persona f\u00edsica o jur\u00eddica o por razones de inter\u00e9s p\u00fablico de la Uni\u00f3n o de un Estado miembro.<\/li>\n<li>El responsable del tratamiento informar\u00e1 al interesado que haya obtenido la limitaci\u00f3n del tratamiento con arreglo al apartado 1 antes de que se levante dicha limitaci\u00f3n.<\/li>\n<\/ol>\n","protected":false},"excerpt":{"rendered":"<p>\u00a0 \u00a0 TITULAR DEL TRATAMIENTO Elica S.p.A. Calle Ermanno Casoli, n.2, 60044 Fabriano (AN) direcci\u00f3n pec: elicaspa@sicurezzapostale.it Tel\u00e9fono: +39-07326101 (\u201cSociedad\u201d o \u201cTitular\u201d) \u00a0 RESPONSABLE DE LA PROTECCI\u00d3N DE DATOS (DPO) &nbsp; El DPO se puede contactar a la siguiente direcci\u00f3n: dpo@elica.com &nbsp; Elica S.p.A., en calidad [&hellip;]<\/p>\n","protected":false},"author":7,"featured_media":0,"parent":0,"menu_order":0,"comment_status":"closed","ping_status":"closed","template":"","meta":[],"_links":{"self":[{"href":"https:\/\/turboair.com\/spain\/wp-json\/wp\/v2\/pages\/6916"}],"collection":[{"href":"https:\/\/turboair.com\/spain\/wp-json\/wp\/v2\/pages"}],"about":[{"href":"https:\/\/turboair.com\/spain\/wp-json\/wp\/v2\/types\/page"}],"author":[{"embeddable":true,"href":"https:\/\/turboair.com\/spain\/wp-json\/wp\/v2\/users\/7"}],"replies":[{"embeddable":true,"href":"https:\/\/turboair.com\/spain\/wp-json\/wp\/v2\/comments?post=6916"}],"version-history":[{"count":2,"href":"https:\/\/turboair.com\/spain\/wp-json\/wp\/v2\/pages\/6916\/revisions"}],"predecessor-version":[{"id":6928,"href":"https:\/\/turboair.com\/spain\/wp-json\/wp\/v2\/pages\/6916\/revisions\/6928"}],"wp:attachment":[{"href":"https:\/\/turboair.com\/spain\/wp-json\/wp\/v2\/media?parent=6916"}],"curies":[{"name":"wp","href":"https:\/\/api.w.org\/{rel}","templated":true}]}}