{"id":5056,"date":"2015-08-24T17:16:39","date_gmt":"2015-08-24T15:16:39","guid":{"rendered":"https:\/\/turboair.com\/spain\/choosing-the-version\/"},"modified":"2019-10-28T12:59:15","modified_gmt":"2019-10-28T11:59:15","slug":"detalles","status":"publish","type":"page","link":"https:\/\/turboair.com\/spain\/detalles\/","title":{"rendered":"Detalles"},"content":{"rendered":"<h4>C\u00d3MO SELECCIONAR EL CAUDAL ADECUADO<\/h4>\n<p class=\"p1\">Elige una campana que facilite tus tareas culinarias, que te brinde Libertad de movimiento y simplifique la preparaci\u00f3n de las comidas.<br \/>\nLa campana tiene que ofrecer una adecuada potencia de aspiraci\u00f3n. Considera el tama\u00f1o de tu cocina y tus costumbres culinarias: es la \u00fanica manera de obtener la correcta renovaci\u00f3n del aire y un menor consumo de energ\u00eda el\u00e9ctrica.<br \/>\nCon un simple c\u00e1lculo es posible identificar el caudal m\u00e1s adecuado para cada cocina. Basta multiplicar por 10 el volumen de la habitaci\u00f3n Para obtener el caudal ideal.<\/p>\n<p>&nbsp;<\/p>\n<h4>C\u00d3MO SELECCIONAR LA VERSI\u00d3N<\/h4>\n<p class=\"p1\">Todos los modelos Turboair est\u00e1n predispuestos para trabajar tanto en versi\u00f3n Aspirante (A), donde el aire extra\u00eddo es expulsado hacia el exterior, como con reciclado o versi\u00f3n Filtrante (F), donde el aire extra\u00eddo es filtrado, depurado y reintroducido en el ambiente cocina.<br \/>\nAmbas versiones garantizan una eficaz limpieza del aire de la cocina, pero se diferencian por la instalaci\u00f3n y el mantenimiento. En la versi\u00f3n aspirante la campana debe estar conectada al exterior mediante una tuber\u00eda dedicada, para expulsar de la habitaci\u00f3n todo el aire capturado.<br \/>\nEn esta configuraci\u00f3n es importante prever una tuber\u00eda con un di\u00e1metro suficientemente grande (por lo menos 120 mm, mejor 150 mm). Adem\u00e1s, la tuber\u00eda no debe ser demasiado larga y tortuosa, para que las resistencias aerodin\u00e1micas del conducto no generen p\u00e9rdidas de carga, vale decir, de caudal.<br \/>\nEn la versi\u00f3n filtrante la campana no est\u00e1 conectada a una tuber\u00eda, ya que el aire capturado es depurado por filtros de carb\u00f3n activo y luego reintroducido en el ambiente. En esta configuraci\u00f3n es importante proceder al correcto mantenimiento de los filtros de olor y a su sustituci\u00f3n peri\u00f3dica.<\/p>\n<p>&nbsp;<br \/>\n<img src=\"https:\/\/turboair.com\/spain\/wp-content\/uploads\/sites\/16\/2019\/10\/SPAGNA_Turboair-DETALLES.jpg\" alt=\"null\" \/><br \/>\n&nbsp;<\/p>\n<h4>FILTRACI\u00d3N DEL AIRE<\/h4>\n<p class=\"p1\">En una campana existen dos barreras distintas de filtraci\u00f3n del aire. La primera, constituida por el filtro de grasa y siempre presente, est\u00e1 situada inmediatamente en la entrada del producto. La funci\u00f3n del filtro de grasa es proteger el interior del producto, filtrando las part\u00edculas de grasa m\u00e1s pesadas del aire extra\u00eddo. Estos filtros pueden ser de diferente naturaleza: de material sint\u00e9tico (a sustituir c\u00edclicamente), de aluminio (lavable) o rejillas filtro aluminio (GFA), o de acero inoxidable (GFI), f\u00e1cilmente desmontables de la campana y lavables, tanto a mano con jab\u00f3n l\u00edquido como en el lavavajillas.<br \/>\nEl segundo tipo de filtro, es decir, el filtro de olor, est\u00e1 presente s\u00f3lo en los productos en versi\u00f3n filtrante. Se trata de filtros dedicados al \u201clavado\u201d del aire extra\u00eddo por la campana. La soluci\u00f3n tradicional est\u00e1 constituida por un contenedor de pl\u00e1stico, oportunamente perfilado, que contiene gr\u00e1nulos de carb\u00f3n activo.<br \/>\nEste carb\u00f3n tiene la capacidad de capturar y retener las grasas, la humedad y los olores. Estos filtros, denominados de carb\u00f3n activo, deben sustituirse cada 3-4 meses aproximadamente. Para la<br \/>\nfiltraci\u00f3n de los olores, Elica propone como alternativa una tecnolog\u00eda innovadora: Long Life Filter. Este filtro particular garantiza una elevada eficacia con un ciclo de vida muy largo. En efecto, no debe sustituirse frecuentemente sino que puede \u201cregenerarse\u201d f\u00e1cilmente con un lavado normal en lavavajillas seguido de un secado en horno durante diez minutos a 100\u00b0C. Con estas simples operaciones, Long Life Filter garantiza una elevada eficacia de hasta 3 a\u00f1os.<\/p>\n<p>&nbsp;<\/p>\n<h4>LA INSTALACI\u00d3N CORRECTA<\/h4>\n<p class=\"p1\">La instalaci\u00f3n correcta es importante para asegurar el funcionamiento ideal de la campana. Es necesario seguir detenidamente todas las fases indicadas en el manual de instrucciones de cada producto. Por \u00faltimo, recuerden respetar la distancia m\u00ednima desde el plano de cocci\u00f3n a la campana, que figura en el manual de instrucciones, para evitar da\u00f1ar los componentes funcionales y garantizar la seguridad personal.<\/p>\n<p>&nbsp;<\/p>\n<h4>SEGURIDAD<\/h4>\n<p class=\"p1\">Durante el proceso de producci\u00f3n las campanas Turboair se someten a m\u00e1s de 50 pruebas y estrictos controles de seguridad y funcionalidad.<br \/>\nMateriales, componentes el\u00e9ctricos y electr\u00f3nicos se ponen a prueba repetidamente con el fin de garantizar la completa seguridad en el cumplimiento de los criterios de seguridad m\u00e1s estrictas.<br \/>\nAcero con bordes que no corten, vidrio templado, pl\u00e1sticos ignifugos son la base de cada producto Turboair.<\/p>\n<p>&nbsp;<br \/>\n<img src=\"https:\/\/turboair.com\/fr\/wp-content\/uploads\/sites\/18\/2019\/10\/FRANCIA_Turboair_2.jpg\" alt=\"null\" \/><\/p>\n","protected":false},"excerpt":{"rendered":"<p>C\u00d3MO SELECCIONAR EL CAUDAL ADECUADO Elige una campana que facilite tus tareas culinarias, que te brinde Libertad de movimiento y simplifique la preparaci\u00f3n de las comidas. La campana tiene que ofrecer una adecuada potencia de aspiraci\u00f3n. Considera el tama\u00f1o de tu cocina y tus costumbres culinarias: [&hellip;]<\/p>\n","protected":false},"author":4,"featured_media":0,"parent":0,"menu_order":2,"comment_status":"open","ping_status":"open","template":"page_r.php","meta":[],"_links":{"self":[{"href":"https:\/\/turboair.com\/spain\/wp-json\/wp\/v2\/pages\/5056"}],"collection":[{"href":"https:\/\/turboair.com\/spain\/wp-json\/wp\/v2\/pages"}],"about":[{"href":"https:\/\/turboair.com\/spain\/wp-json\/wp\/v2\/types\/page"}],"author":[{"embeddable":true,"href":"https:\/\/turboair.com\/spain\/wp-json\/wp\/v2\/users\/4"}],"replies":[{"embeddable":true,"href":"https:\/\/turboair.com\/spain\/wp-json\/wp\/v2\/comments?post=5056"}],"version-history":[{"count":3,"href":"https:\/\/turboair.com\/spain\/wp-json\/wp\/v2\/pages\/5056\/revisions"}],"predecessor-version":[{"id":6280,"href":"https:\/\/turboair.com\/spain\/wp-json\/wp\/v2\/pages\/5056\/revisions\/6280"}],"wp:attachment":[{"href":"https:\/\/turboair.com\/spain\/wp-json\/wp\/v2\/media?parent=5056"}],"curies":[{"name":"wp","href":"https:\/\/api.w.org\/{rel}","templated":true}]}}